 (-22)/q is divided by 21?
20
What is the remainder when -2 - (-16)/10 - (-484)/10 is divided by 3?
0
Let u(b) = -b**2 - 8*b + 20. Calculate the remainder when 159 is divided by u(-6).
31
Suppose 1585 = 13*u - 1938. Calculate the remainder when u is divided by 34.
33
Suppose 4*m - 6*s = -2*s + 60, -3*m = -4*s - 48. Suppose -m*q + 11*q = -6. Calculate the remainder when 17 is divided by q.
5
Let w = -115 - -87. Calculate the remainder when 49 is divided by w/(-3) + -7*12/(-126).
9
Calculate the remainder when 239 is divided by 7/(-3)*180/(-42).
9
Suppose u - 1299 = -250. Suppose -291 = -10*f + u. Calculate the remainder when f is divided by 34.
32
Let t = -20 - -40. Suppose 5*c + 7 = -4*a + 29, 0 = 3*c + 4*a - 18. Suppose -c*s - 156 = -6*s. Calculate the remainder when s is divided by t.
19
Suppose 0 = -3*y + 854 - 275. Suppose -x = -y - 154. Suppose 20 = -3*z + x. Calculate the remainder when z is divided by 28.
25
Let f = -22 - -27. Let w be 55/(-22)*(-8)/f. Suppose -w*i - 340 = -3*h - h, 3*i = -4*h + 333. What is the remainder when h is divided by 29?
26
Let c = -18 - -18. Suppose -2*g + g + 19 = c. Suppose 4 - g = -3*k. Calculate the remainder when 12 is divided by k.
2
Suppose -67 - 21 = -5*n + 3*p, -5*n - 5*p = -120. What is the remainder when ((-35)/(-20)*44)/(1/1) is divided by n?
17
Let m = 190 - 169. What is the remainder when 108 is divided by m?
3
Let z = 1253 - 1180. Suppose 3*o = 4*q - 48, -o - 4 - 7 = -q. Calculate the remainder when z is divided by q.
13
Let v(g) = 12*g - g - 6*g - 6*g + 16. What is the remainder when v(-5) is divided by 11?
10
Let h(w) be the second derivative of w**4/6 + 13*w**3/6 + w**2 - w. Let b = -39 + 30. What is the remainder when h(b) is divided by 16?
15
Let u(w) = 11*w - 196. Calculate the remainder when u(39) is divided by 39.
38
Suppose -96 = -11*b + 80. What is the remainder when 861 is divided by b?
13
Suppose 0 = 3*o + 3 - 0. Let k be 9*(o + 0) + -1. Calculate the remainder when 17 is divided by (k/2)/(-3 - -2).
2
Let j be (-14)/(-21) + 712/3. Suppose 0*a - j = -2*a. Suppose 5*y - 156 = 2*d, -7*d + 117 = 4*y - 6*d. What is the remainder when a is divided by y?
29
Let k(b) = 27*b + 480. What is the remainder when 771 is divided by k(-13)?
126
Let r = 238 - 218. What is the remainder when 177 is divided by r?
17
Suppose 122 = -u + 540. Calculate the remainder when u is divided by 35.
33
Let a = -24 - -23. Let s(d) = d**2 + d + 1. Let f(l) = 24*l**2 + 17*l + 17. Let n(p) = 6*f(p) - 102*s(p). Calculate the remainder when n(a) is divided by 22.
20
Suppose 0 = -k + 7*b - 2*b - 14, 3*b = 4*k - 12. Let i = 9 + k. Suppose -5*y + i = -35. What is the remainder when y is divided by 6?
4
Let l be (0 - (-5)/(-10))*-8. Let t be (l/(-7))/(4/(-28)). Suppose t*d - h - 47 = 0, h = 3*h - 10. Calculate the remainder when 75 is divided by d.
10
Suppose 0 = 26*s - 61 - 901. Suppose -3*l + 0*l = 5*a + 4, -2*l + 4 = 0. What is the remainder when s is divided by ((-6)/9)/(a/30)?
7
Suppose 0*h + 5*c = -2*h - 20, -4*c - 16 = 0. Let m(d) = -2*d + 13. Calculate the remainder when (-4)/(-2) + 69/3 is divided by m(h).
12
Suppose 0 = -2*v - 44 + 56. What is the remainder when 13 is divided by (-4)/v + 52/6?
5
Let a = -29 - -25. Let m be a/5*10/2. Calculate the remainder when 34 - m*3/(-12) is divided by 12.
9
Let u be (1 - -1) + (-2 - 0). Suppose u = g + 31 - 13. Let t(s) = s**2 + 16*s + 3. Calculate the remainder when t(g) is divided by 10.
9
Let k = 159 - 112. Suppose -n - n - 73 = -3*x, 0 = 4*x - 5*n - 88. Suppose -i - 19 = -h - 2*i, h = -5*i + x. What is the remainder when k is divided by h?
13
Suppose -3*i - 25 = -w - 2*i, w = 3*i + 29. Let u(k) = 0*k**3 + 32*k**2 - 15*k - k**3 + 13 - 16*k**2. Calculate the remainder when w is divided by u(15).
10
Let c = 220 + -188. What is the remainder when c is divided by 5?
2
Suppose 13 = -g + 17. Let l(j) = 2*j**3 - 7*j**2 + 8*j - 2. What is the remainder when 136 is divided by l(g)?
44
Suppose -32*o + 115 + 877 = 0. What is the remainder when 215 is divided by o?
29
Let o be 1/4 - (-133)/28. Suppose o*w + 6*c - 350 = c, -2*w - c = -142. Let d(z) = 11*z - 36. Calculate the remainder when w is divided by d(5).
15
Let j = 756 + -738. Calculate the remainder when 47 is divided by j.
11
Suppose 5*b - 3*q - 22 + 2 = 0, 4*b + 3*q = 16. Suppose 0 = -3*m + 2*o - b*o + 80, -o + 131 = 5*m. Calculate the remainder when 76 is divided by m.
24
Let d = -26 - -47. Suppose -41 = -4*i - 4*g + 35, -2*g + 21 = i. Let x = -11 + i. Calculate the remainder when d is divided by x.
3
Suppose -4*r + 19*f + 556 = 15*f, -5*f - 119 = -r. Calculate the remainder when 435 is divided by r.
3
Suppose -5*q = 2*n - 23, -3*n + 4*q = 8*q - 24. What is the remainder when 87 is divided by n?
3
Suppose -x = -0*n - 5*n - 155, 0 = -2*n - 10. Suppose 5*v - 83 = -2*k, 4*k + 0*k - x = 2*v. Calculate the remainder when 98 is divided by k.
30
Let k(w) = -2*w**3 - 27*w**2 + 17*w + 75. Calculate the remainder when k(-14) is divided by 8/(-10)*15/(-2).
3
Suppose -15*b - 371 = -2741. Let q = 170 - b. Calculate the remainder when 39 is divided by q.
3
Suppose 5*i - 320 = 3*o, 0 = 3*i + i - 2*o - 256. Suppose 2*g = -2*j - 2*g - 40, -2*g = -j - 12. Let u = j - -38. What is the remainder when i is divided by u?
20
Suppose -w - 18 = 5*i, -4*i - 21 + 1 = -2*w. Let p be -1 + (-16)/i - 0. Suppose 145 - 55 = p*d. Calculate the remainder when d is divided by 16.
14
What is the remainder when 790 is divided by 48326/365 - (-4)/(-10)?
130
Calculate the remainder when 145 is divided by (25 - 28)*(1 - 18).
43
Let h = -101 + 137. What is the remainder when h is divided by 16?
4
Suppose p - 28 = -3*q + 30, 0 = -3*p - 5*q + 174. Suppose -h + 7*f - 2*f + 50 = 0, -3*h + 4*f = -106. Calculate the remainder when p is divided by h.
28
Calculate the remainder when (-3 - -12)/(3/(-900)*-9) is divided by 102.
96
Suppose 3*m - 56 + 12 = -n, -3*n + 132 = -5*m. Suppose 0*b + 4*b = 2*y + 100, 0 = -b + 4*y + 39. What is the remainder when n is divided by b?
21
Suppose -5*d - 3*p - 27 = p, 0 = -3*d - 5*p - 24. Let m(i) = 2*i**2 + 2*i - 1. Calculate the remainder when 40 is divided by m(d).
7
What is the remainder when 682 is divided by 26 - (4*(-4)/(-2) + 0)?
16
Let r be 2 - 3/(6/4). Let n(y) = 4*y - 1 + 9*y + 0*y + r*y. What is the remainder when 35 is divided by n(1)?
11
Let q(y) = y**2 + y - 148. Calculate the remainder when q(17) is divided by 40.
38
What is the remainder when (225/(-125))/(6/(-380)) is divided by 6?
0
Suppose x + x = 2, 4*o + 13 = x. Let r(w) = 2*w**2 + 4*w + 1. Let g = 40 + -20. Calculate the remainder when g is divided by r(o).
6
Let a(i) = i**3 + 4*i**2 - 6*i - 4. Calculate the remainder when a(-4) is divided by 12.
8
Calculate the remainder when 10/(-4) - (-223)/2 is divided by 55.
54
Let s be (-5)/10 + 15/6. Let z(r) = -r + 9. Let q be z(-6). Suppose -s*m = v - 42, 2*m - v = m + q. What is the remainder when 73 is divided by m?
16
Suppose c = -3*c - 36. Let a be (c/(-2))/((-5)/70). Let w = -45 - a. What is the remainder when 34 is divided by w?
16
Let h(c) be the first derivative of 5*c**2 - 18*c - 2. Let o be ((-108)/(-24) + -7)*(-36)/10. Calculate the remainder when h(o) is divided by 15.
12
Let h(p) = 4*p + 154. Calculate the remainder when 107 is divided by h(-25).
53
Calculate the remainder when ((-25)/((-475)/(-171)))/((-3)/242) is divided by 56.
54
Let f(j) = -26*j - 160. What is the remainder when f(-36) is divided by 21?
20
Suppose 5*g + v - 85 = 0, 0 = 3*g - 3*v - 15 - 18. What is the remainder when 43 is divided by g?
11
Let i(q) = -q**2 - 4*q - 1. Let n be i(-4). Suppose -l - 540 + 554 = 6*v, -3*l = -4*v + 2. What is the remainder when (n/2)/((-2)/28) is divided by l?
1
Let m = -690 + 705. Calculate the remainder when 44 is divided by m.
14
Suppose 4*t + 5*m + 33 = -8, 4*m - 32 = 4*t. Let x(b) = -b**3 - 3*b**2 - 1 - 11*b - 7*b**2 - 10. What is the remainder when 13 is divided by x(t)?
6
Suppose -2*j + 74 = 2*x, -j + 0*j - 74 = -2*x. Let q = 59 - x. What is the remainder when q is divided by 9?
4
Suppose 2 = -0*a - a, -5*a = 5*d - 360. Calculate the remainder when d is divided by 11.
8
Let j = 20 - 16. Suppose j*w - 99 = -0*w + 3*t, 33 = w + 2*t. Calculate the remainder when w is divided by 4.
3
What is the remainder whe